of 39620.
2, 5, 7, 283
List the prime factors of 105446.
2, 11, 4793
What are the prime factors of 45850?
2, 5, 7, 131
What are the prime factors of 1158?
2, 3, 193
List the prime factors of 15075.
3, 5, 67
What are the prime factors of 7467?
3, 19, 131
What are the prime factors of 164?
2, 41
What are the prime factors of 1183?
7, 13
List the prime factors of 2541.
3, 7, 11
What are the prime factors of 30617?
17, 1801
List the prime factors of 3012.
2, 3, 251
List the prime factors of 1663.
1663
List the prime factors of 1630.
2, 5, 163
List the prime factors of 74639.
101, 739
List the prime factors of 546.
2, 3, 7, 13
What are the prime factors of 8475?
3, 5, 113
What are the prime factors of 4289?
4289
What are the prime factors of 166645?
5, 33329
List the prime factors of 6635.
5, 1327
What are the prime factors of 1558?
2, 19, 41
What are the prime factors of 28035?
3, 5, 7, 89
List the prime factors of 1136.
2, 71
What are the prime factors of 2832?
2, 3, 59
What are the prime factors of 1360?
2, 5, 17
What are the prime factors of 714?
2, 3, 7, 17
List the prime factors of 2933.
7, 419
What are the prime factors of 1599?
3, 13, 41
List the prime factors of 1222.
2, 13, 47
What are the prime factors of 6296?
2, 787
List the prime factors of 1257.
3, 419
List the prime factors of 26009.
31, 839
What are the prime factors of 498?
2, 3, 83
List the prime factors of 32898.
2, 3, 5483
What are the prime factors of 523?
523
List the prime factors of 3802.
2, 1901
What are the prime factors of 7320?
2, 3, 5, 61
What are the prime factors of 1533?
3, 7, 73
What are the prime factors of 4252?
2, 1063
List the prime factors of 50770.
2, 5, 5077
What are the prime factors of 3432?
2, 3, 11, 13
List the prime factors of 2376.
2, 3, 11
What are the prime factors of 1936?
2, 11
What are the prime factors of 3765?
3, 5, 251
What are the prime factors of 47392?
2, 1481
List the prime factors of 705.
3, 5, 47
What are the prime factors of 5958?
2, 3, 331
List the prime factors of 98391.
3, 32797
What are the prime factors of 29596?
2, 7, 151
What are the prime factors of 886?
2, 443
List the prime factors of 1429.
1429
What are the prime factors of 4551?
3, 37, 41
What are the prime factors of 128398?
2, 43, 1493
What are the prime factors of 12248?
2, 1531
What are the prime factors of 94415?
5, 23, 821
List the prime factors of 2692.
2, 673
List the prime factors of 1079.
13, 83
What are the prime factors of 2830?
2, 5, 283
What are the prime factors of 8909?
59, 151
What are the prime factors of 9127?
9127
What are the prime factors of 26156?
2, 13, 503
What are the prime factors of 7937?
7937
What are the prime factors of 5990?
2, 5, 599
List the prime factors of 86100.
2, 3, 5, 7, 41
List the prime factors of 120.
2, 3, 5
List the prime factors of 35636.
2, 59, 151
List the prime factors of 298.
2, 149
What are the prime factors of 534?
2, 3, 89
What are the prime factors of 14314?
2, 17, 421
What are the prime factors of 33?
3, 11
What are the prime factors of 9187?
9187
What are the prime factors of 1699?
1699
What are the prime factors of 14640?
2, 3, 5, 61
List the prime factors of 27175.
5, 1087
What are the prime factors of 63303?
3, 21101
List the prime factors of 4265.
5, 853
List the prime factors of 2909.
2909
What are the prime factors of 51357?
3, 17, 19, 53
List the prime factors of 410.
2, 5, 41
What are the prime factors of 795?
3, 5, 53
List the prime factors of 2670.
2, 3, 5, 89
List the prime factors of 20342.
2, 7, 1453
What are the prime factors of 23781?
3, 7927
List the prime factors of 213.
3, 71
What are the prime factors of 248?
2, 31
List the prime factors of 4.
2
List the prime factors of 860.
2, 5, 43
List the prime factors of 64087.
19, 3373
What are the prime factors of 1670?
2, 5, 167
What are the prime factors of 13167?
3, 7, 11, 19
List the prime factors of 93160.
2, 5, 17, 137
What are the prime factors of 3344?
2, 11, 19
What are the prime factors of 25112?
2, 43, 73
What are the prime factors of 718?
2, 359
What are the prime factors of 26340?
2, 3, 5, 439
What are the prime factors of 775?
5, 31
What are the prime factors of 56507?
11, 467
What are the prime factors of 12446?
2, 7, 127
What are the prime factors of 38530?
2, 5, 3853
List the prime factors of 75710.
2, 5, 67, 113
List the prime factors of 4846.
2, 2423
What are the prime factors of 17331?
3, 53, 109
What are the prime factors of 1149?
3, 383
List the prime factors of 9460.
2, 5, 11, 43
List the prime factors of 1601.
1601
What are the prime factors of 177757?
149, 1193
List the prime factors of 1208.
2, 151
What are the prime factors of 15957?
3, 197
List the prime factors of 806.
2, 13, 31
List the prime factors of 1258.
2, 17, 37
What are the prime factors of 15747?
3, 29, 181
What are the prime factors of 3184?
2, 199
What are the prime factors of 14774?
2, 83, 89
What are the prime factors of 3555?
3, 5, 79
What are the prime factors of 24332?
2, 7, 11, 79
What are the prime factors of 1012?
2, 11, 23
What are the prime factors of 106502?
2, 11, 47, 103
List the prime factors of 2778.
2, 3, 463
What are the prime factors of 6470?
2, 5, 647
What are the prime factors of 190?
2, 5, 19
List the prime factors of 17620.
2, 5, 881
List the prime factors of 12013.
41, 293
List the prime factors of 81094.
2, 13, 3119
List the prime factors of 18070.
2, 5, 13, 139
List the prime factors of 807.
3, 269
What are the prime factors of 1208?
2, 151
What are the prime factors of 905?
5, 181
What are the prime factors of 253?
11, 23
What are the prime factors of 10774?
2, 5387
List the prime factors of 889.
7, 127
What are the prime factors of 1536?
2, 3
What are the prime factors of 39111?
3, 13037
What are the prime factors of 1885?
5, 13, 29
What are the prime factors of 28474?
2, 23, 619
List the prime factors of 10763.
47, 229
What are the prime factors of 764?
2, 191
List the prime factors of 12307.
31, 397
List the prime factors of 78400.
2, 5, 7
What are the prime factors of 476?
2, 7, 17
What are the prime factors of 16318?
2, 41, 199
List the prime factors of 29956.
2, 7489
List the prime factors of 846.
2, 3, 47
List the prime factors of 13331.
13331
List the prime factors of 5829.
3, 29, 67
What are the prime factors of 5402?
2, 37, 73
What are the prime factors of 4696?
2, 587
What are the prime factors of 1269?
3, 47
What are the prime factors of 2492?
2, 7, 89
List the prime factors of 3895.
5, 19, 41
What are the prime factors of 4986?
2, 3, 277
What are the prime factors of 53693?
53693
List the prime factors of 36137.
36137
What are the prime factors of 658?
2, 7, 47
What are the prime factors of 989?
23, 43
List the prime factors of 925.
5, 37
What are the prime factors of 633?
3, 211
List the prime factors of 6450.
2, 3, 5, 43
List the prime factors of 953.
953
What are the prime factors of 2621?
2621
List the prime factors of 3415.
5, 683
List the prime factors of 81968.
2, 47, 109
List the prime factors of 23325.
3, 5, 311
List the prime factors of 2821.
7, 13, 31
List the prime factors of 99101.
113, 877
List the prime factors of 13038.
2, 3, 41, 53
What are the prime factors of 15874?
2, 7937
What are the prime factors of 19705?
5, 7, 563
List the prime factors of 889.
7, 127
List the prime factors of 38347.
31, 1237
List the prime factors of 1781.
13, 137
List the prime factors of 53955.
3, 5, 11, 109
What are the prime factors of 46964?
2, 59, 199
What are the prime factors of 1164?
2, 3, 97
What are the prime factors of 184327?
11, 13, 1289
What are the prime factors of 26004?
2, 3, 11, 197
What are the prime factors of 1166?
2, 11, 53
What are the prime factors of 2492?
2, 7, 89
List the prime factors of 1358.
2, 7, 97
What are the prime factors of 12009?
3, 4003
List the prime factors of 1066.
2, 13, 41
What are the prime factors of 4488?
2, 3, 11, 17
What are the prime factors of 3553?
11, 17, 19
List the prime factors of 2934.
2, 3, 163
What are the prime factors of 2507?
23, 109
What are the prime factors of 550?
2, 5, 11
List the prime factors of 460.
2, 5, 23
What are the prime factors of 6389?
6389
What are the prime factors of 4450?
2, 5, 89
List the prime factors of 25.
5
List the prime factors of 14566.
2, 7283
Li